{"id":916,"date":"2021-11-25T08:55:01","date_gmt":"2021-11-25T11:55:01","guid":{"rendered":"https:\/\/www.mamabag.com.ar\/confiaentumagia\/?post_type=product&#038;p=916"},"modified":"2024-04-12T14:58:20","modified_gmt":"2024-04-12T17:58:20","slug":"panal-de-tela-hibrido-eli","status":"publish","type":"product","link":"https:\/\/www.mamabag.com.ar\/confiaentumagia\/producto\/panal-de-tela-hibrido-eli\/","title":{"rendered":"Pa\u00f1al de tela h\u00edbrido Eli"},"content":{"rendered":"<p>Pa\u00f1al de tela ecol\u00f3gico sistema h\u00edbrido, est\u00e1 fabricado con Set sublimado por fuera, una capa intermedia de polar t\u00e9cnico de alta monta\u00f1a, e interior de Micropolar Importado con tecnolog\u00eda antipeeling.<\/p>\n<p>Absorbentes incluidos;<\/p>\n<p>Un absorbente largo anat\u00f3mico con curvas para doblar en dos, dando un total de 8 capas compuesto de Velour de algod\u00f3n, toalla doble felpa y frisa heavy. Se complementa con un booster de zona h\u00fameda de 3 capas de frisa heavy.<\/p>\n<p>Este modelo contiene 11 capas de absorci\u00f3n total.<\/p>\n<p>Talle \u00fanico ajustable de 7 a 22 kg dependiendo la contextura del beb\u00e9. Por ser unitalla, cuenta con una doble fila de snaps en cintura y triple fila en tiro, que permiten un mejor ajuste en ambos sectores, seg\u00fan el tama\u00f1o del beb\u00e9.<\/p>\n<p>Varios modelos disponibles.<\/p>\n","protected":false},"excerpt":{"rendered":"<p>Pa\u00f1al de tela ecol\u00f3gico sistema h\u00edbrido.<\/p>\n","protected":false},"featured_media":921,"comment_status":"open","ping_status":"closed","template":"","meta":{"site-sidebar-layout":"default","site-content-layout":"default","ast-global-header-display":"","ast-main-header-display":"","ast-hfb-above-header-display":"","ast-hfb-below-header-display":"","ast-hfb-mobile-header-display":"","site-post-title":"","ast-breadcrumbs-content":"","ast-featured-img":"","footer-sml-layout":"","theme-transparent-header-meta":"default","adv-header-id-meta":"","stick-header-meta":"","header-above-stick-meta":"","header-main-stick-meta":"","header-below-stick-meta":""},"product_cat":[21],"product_tag":[],"class_list":{"0":"post-916","1":"product","2":"type-product","3":"status-publish","4":"has-post-thumbnail","6":"product_cat-panales-tela","7":"pa_color-blanco","8":"pa_color-celeste","9":"pa_color-negro","11":"first","12":"outofstock","13":"shipping-taxable","14":"purchasable","15":"product-type-variable","16":"has-default-attributes"},"jetpack_sharing_enabled":true,"jetpack-related-posts":[],"_links":{"self":[{"href":"https:\/\/www.mamabag.com.ar\/confiaentumagia\/wp-json\/wp\/v2\/product\/916"}],"collection":[{"href":"https:\/\/www.mamabag.com.ar\/confiaentumagia\/wp-json\/wp\/v2\/product"}],"about":[{"href":"https:\/\/www.mamabag.com.ar\/confiaentumagia\/wp-json\/wp\/v2\/types\/product"}],"replies":[{"embeddable":true,"href":"https:\/\/www.mamabag.com.ar\/confiaentumagia\/wp-json\/wp\/v2\/comments?post=916"}],"wp:featuredmedia":[{"embeddable":true,"href":"https:\/\/www.mamabag.com.ar\/confiaentumagia\/wp-json\/wp\/v2\/media\/921"}],"wp:attachment":[{"href":"https:\/\/www.mamabag.com.ar\/confiaentumagia\/wp-json\/wp\/v2\/media?parent=916"}],"wp:term":[{"taxonomy":"product_cat","embeddable":true,"href":"https:\/\/www.mamabag.com.ar\/confiaentumagia\/wp-json\/wp\/v2\/product_cat?post=916"},{"taxonomy":"product_tag","embeddable":true,"href":"https:\/\/www.mamabag.com.ar\/confiaentumagia\/wp-json\/wp\/v2\/product_tag?post=916"}],"curies":[{"name":"wp","href":"https:\/\/api.w.org\/{rel}","templated":true}]}}